s**2 + 4*s - 127. What is t(-14)?
13
Let z(v) = -372*v + 4458. Calculate z(12).
-6
Let c(x) = x**3 - 43*x**2 + 349*x + 33. Give c(32).
-63
Let s(n) = -4*n**2 + 218*n - 885. What is s(4)?
-77
Let p(j) = -79*j + 4488. What is p(57)?
-15
Let d(u) = 1394*u - 26486. What is d(19)?
0
Let a(p) = -2*p**2 - 82*p - 739. Determine a(-12).
-43
Let i(z) = -140*z**3 - 2*z**2 - 3*z + 3. What is i(-2)?
1121
Let z(k) = k**3 - 5*k**2 - 14*k + 121. Calculate z(7).
121
Let v(l) = -l**3 - 4*l**2 + 13*l + 25. Give v(-8).
177
Let m(w) = 10*w - 7. What is m(18)?
173
Let k(n) = -3*n**3 + 7*n**2 + 28*n - 76. Give k(2).
-16
Let o(r) = -2*r**3 + 22*r**2 + 17*r - 42. Determine o(12).
-126
Let l(c) = 8*c**3 + 6*c**2 - 15*c + 12. Determine l(1).
11
Let g(o) = -2*o**3 - 100*o**2 - 5*o - 213. Give g(-50).
37
Let z(b) = 2*b - 95. Determine z(12).
-71
Let o(k) = -k**2 - 110*k - 1523. What is o(-17)?
58
Let a(b) = 343*b - 854. Determine a(3).
175
Let r(n) = -n**2 + 13*n + 17. Determine r(-2).
-13
Let p(i) = -6*i - 113. What is p(-32)?
79
Let a(i) = 172*i - 7058. What is a(41)?
-6
Let o(q) = 2*q**3 - 5*q**2 - 9*q - 12. Give o(7).
366
Let p(a) = -316*a - 16133. What is p(-51)?
-17
Let f(x) = -109*x - 1201. What is f(-12)?
107
Let x(p) = 2*p**2 - 177*p + 1057. Give x(82).
-9
Let o(i) = -i**3 + 40*i**2 + 519*i + 2144. Calculate o(51).
2
Let a(u) = 7*u**3 + 70*u**2 - 27*u - 18. What is a(-10)?
252
Let r(l) = -7*l**2 + 152*l + 15. Determine r(19).
376
Let s(p) = -21*p + 16. What is s(10)?
-194
Let k(j) = -8*j**3 + j**2 - 6*j - 1. Give k(4).
-521
Let h(t) = -t**2 + 3*t + 24. Determine h(-7).
-46
Let l(o) = -o**2 + 349*o - 8103. Determine l(25).
-3
Let r(y) = -2*y**2 + 28*y + 479. Determine r(24).
-1
Let m(z) = 14*z - 912. What is m(64)?
-16
Let w(o) = 11836*o - 47363. Give w(4).
-19
Let f(s) = 15*s**2 - 353*s - 154. What is f(24)?
14
Let d(s) = -40*s - 238. What is d(-6)?
2
Let t(j) = j - 45. What is t(58)?
13
Let w(k) = -k**2 - 75*k + 3292. What is w(31)?
6
Let g(a) = -132*a - 282. Calculate g(-5).
378
Let z(g) = -g**2 - 47*g - 334. Calculate z(-8).
-22
Let y(o) = -o**3 + o**2 + 18*o - 56. What is y(0)?
-56
Let u(q) = q**3 + 5*q**2 + q. Calculate u(-3).
15
Let m(q) = -5*q**3 + 7*q**2 + 5*q - 11. Give m(-4).
401
Let g(k) = -477*k + 1923. Calculate g(4).
15
Let f(j) = -255*j**2 - 1286*j - 61. Determine f(-5).
-6
Let l(v) = -10*v**2 + 6*v + 14. What is l(-3)?
-94
Let s(h) = -4*h**2 - 36*h - 42. What is s(-5)?
38
Let f(o) = -o**2 + 40*o + 1628. Determine f(-25).
3
Let d(l) = -l**2 - l - 17. What is d(0)?
-17
Let t(l) = 24*l**3 - 2*l**2 - 7*l + 5. Give t(-2).
-181
Let p(l) = -l**2 - 3*l - 15. Give p(-4).
-19
Let l(y) = -13*y**3 - 14*y**2 + 2*y + 15. Give l(-1).
12
Let x(t) = -91*t + 568. Calculate x(6).
22
Let w(v) = -2*v**3 - 125*v**2 - 417*v + 43. Calculate w(-59).
279
Let o(d) = -771*d + 43181. Calculate o(56).
5
Let v(r) = -34*r**2 + 2781*r + 569. What is v(82)?
-5
Let w(j) = 103*j + 206. Give w(-2).
0
Let i(k) = k**3 + 17*k + 319. What is i(-6)?
1
Let p(t) = 70*t + 482. Calculate p(-6).
62
Let z(q) = 2490*q - 5017. What is z(2)?
-37
Let m(j) = 6*j**3 + 7*j**2 + 7*j - 6. What is m(-3)?
-126
Let c(d) = 2*d**2 + 282*d + 9124. What is c(-51)?
-56
Let x(b) = 56*b**2 + 1635*b + 313. Give x(-29).
-6
Let a(x) = 2014*x + 106744. What is a(-53)?
2
Let i(r) = -6*r**2 + 160*r - 103. Determine i(26).
1
Let o(y) = -93*y - 2951. Determine o(-32).
25
Let q(r) = r**2 - 14*r - 58. Calculate q(22).
118
Let f(a) = a**2 + 24*a - 304. What is f(-24)?
-304
Let v(h) = 2*h**3 - 139*h**2 + 67*h + 216. What is v(69)?
78
Let z(l) = -l**3 - 26*l**2 + 85*l - 63. Give z(-29).
-5
Let m(h) = 378*h + 12859. Determine m(-34).
7
Let w(a) = -34*a - 3076. Determine w(-80).
-356
Let w(b) = -b**2 - 23*b + 80. Determine w(-26).
2
Let m(y) = -21*y - 1827. Calculate m(-87).
0
Let h(p) = -10*p**2 + 190*p - 570. What is h(3)?
-90
Let t(a) = 6*a**3 + a**2 - 10*a + 8. What is t(1)?
5
Let w(n) = -3*n - 28. Determine w(-8).
-4
Let l(d) = 2*d - 15. Give l(11).
7
Let f(r) = -141*r**2 + 10*r + 2. Calculate f(1).
-129
Let v(p) = -p**2 + 40*p - 221. Give v(34).
-17
Let k(s) = s**3 - 10*s**2 - 22*s - 76. What is k(13)?
145
Let x(p) = -161*p - 1. Give x(1).
-162
Let x(j) = -2*j**3 + 80*j**2 - 150*j - 69. Determine x(38).
7
Let g(i) = i**2 - 137*i + 2353. What is g(117)?
13
Let o(f) = -f**3 - 11*f**2 + 16*f + 222. Determine o(-10).
-38
Let j(g) = -7283*g + 29132. Determine j(4).
0
Let f(c) = -c**3 - 119*c**2 - 222*c + 1406. Give f(-117).
2
Let a(x) = 152*x + 1462. What is a(-10)?
-58
Let t(x) = -228*x**2 + 1826*x - 46. Give t(8).
-30
Let d(p) = -12*p - 680. Give d(-23).
-404
Let l(s) = -202*s + 1417. Determine l(7).
3
Let u(l) = 220*l + 1517. Give u(-7).
-23
Let u(v) = 592*v - 52089. What is u(88)?
7
Let u(z) = 2*z**3 + 46*z**2 + 155*z + 56. Calculate u(-19).
-1
Let c(x) = 1509*x + 4379. Determine c(-3).
-148
Let b(z) = z**3 - 6*z**2 - 141*z. Calculate b(15).
-90
Let a(y) = -2*y**3 - 75*y**2 - 640*y - 47. What is a(-13)?
-8
Let d(j) = 12*j**2 - 453*j - 414. Determine d(39).
171
Let w(l) = -l**3 - 17*l**2 - 24*l - 21. Determine w(-13).
-385
Let y(u) = -7*u**2 - 151*u + 73. Calculate y(-22).
7
Let d(j) = 3*j**2 + 181*j + 66. Give d(-60).
6
Let c(z) = 88*z + 526. What is c(-6)?
-2
Let s(f) = 1793*f - 66336. Determine s(37).
5
Let r(j) = j**2 + 3*j - 36. What is r(4)?
-8
Let u(i) = -13*i**2 - 92*i - 164. Give u(-4).
-4
Let y(v) = v**2 + 903*v + 17653. Calculate y(-20).
-7
Let r(q) = 2*q**3 - 35*q**2 - 159*q + 272. Determine r(21).
20
Let o(f) = -2*f**2 + 53*f + 3478. What is o(57)?
1
Let z(d) = -28*d + 471. Determine z(16).
23
Let l(d) = 1559*d + 70160. What is l(-45)?
5
Let p(x) = -2*x**2 - 40*x + 101. Determine p(0).
101
Let i(v) = v**2 + 67*v + 133. What is i(-64)?
-59
Let y(n) = -2*n**2 - 78*n + 7. What is y(-39)?
7
Let c(a) = a**2 - 93*a + 693. Calculate c(8).
13
Let r(b) = 32*b**2 - 10*b + 53. What is r(3)?
311
Let l(o) = -3*o + 108. Calculate l(26).
30
Let p(v) = 12*v**3 + 36*v**2 - 27*v - 102. What is p(-3)?
-21
Let f(z) = -z**3 + 23*z**2 - 68*z - 159. Calculate f(19).
-7
Let c(a) = 29*a**2 + 1537*a - 11. Calculate c(-53).
-11
Let i(l) = -5*l**2 + 1328*l - 1327. Determine i(1).
-4
Let b(y) = -64*y + 46. Calculate b(-2).
174
Let s(f) = -25*f**2 - 548*f - 1774. Give s(-18).
-10
Let c(z) = -7*z - 11. Give c(-2).
3
Let u(p) = 3*p + 184. Give u(-64).
-8
Let g(m) = -3*m**3 - 84*m**2 + 7*m + 48. Determine g(-28).
-148
Let o(p) = 527*p - 3683. Determine o(7).
6
Let i(c) = 1795*c + 3590. Give i(-2).
0
Let u(l) = -3*l**3 + 92*l**2 + 1535*l - 18. Calculate u(-12).
-6
Let k(y) = -y**2 + 65*y - 502. Give k(10).
48
Let x(d) = -17*d - 1208. Calculate x(-70).
-18
Let q(w) = 6*w + 178. Determine q(-17).
76
Let s(j) = 31*j - 5895. Determine s(190).
-5
Let y(t) = 27*t - 400. What is y(14)?
-22
Let j(l) = l**3 - 10*l**2 + 72*l - 1166. What is j(12)?
-14
Let n(k) = 6*k - 319. Give n(19).
-205
Let p(y) = 21*y**2 - 587*y - 44. What is p(28)?
-16
Let p(g) = -4*g**3 - 80*g**2 + 2*g + 41. Determine p(-20).
1
Let d(q) = -40*q + 355. Give d(9).
-5
Let q(p) = -p**2 - 104*p - 2560. What is q(-64)?
0
Let f(x) = 47*x + 14. Give f(1).
61
Let m(s) = -s**3 - 187*s**2 - 4443*s + 251. Give m(-28).
-1
Let l(g) = 60*g + 1317. What is l(-22)?
-3
Let m(h) = 2*h**3 + 7*h**2 + 271*h + 811. Give m(-3).
7
Let b(z) = -4*z**2 + 151*z - 1163. Give b(25).
112
Let d(v) = v**3 + 44*v**2 - 58*v + 380. Calculate d(-46).
-1184
Let r(i) = i - 106. Give r(-21).
-127
Let h(z) = z**3 + 37*z**2 - 109*z - 168. Determine h(-40).
-608
Let q(f) = -47*f + 66. Calculate q(-2).
160
Let p(x) = -135*x + 4463. Determine p(33).
8
Let l(j) = j**2 - 2*j - 224. Calculate l(-14).
0
Let j(d) = -d**2 - 268*d + 5147. Give j(18).
-1
Let g(h) = 784*h - 3134. Calculate g(4).
2
Let t(b) = b**3 + 3*b**2 + 564*b + 1700. What is t(-3)?
8
Let h(o) = 456*o - 5057. Give h(11).
-41
Let y(p) = -20*p - 52. Calculate y(-6).
68
Let a(d) = -336*d - 25891. Give a(-77).
-19
Let d(t) = -t**2 - 49*t - 584. What is d(-21)?
4
Let w(q) = q**2 + 26*q - 1361. Give w(26).
-9
Let v(m) = -2*m**2 - 34*m + 17. Determine v(-17).
17
Let m(a) = 3*a**2 - 101*a + 79. Determine m(33).
13
Let i(h) = h**3 + 12*h**2 + 30*h - 27. Determine i(-7).
8
Let r(a) = -7*a**3 + 55*a**2 - 17*a - 1. What is r(6)?
365
Let d(o) = o**2 + 2*o - 1579. Determine 